66613363?
239, 278717
What are the prime factors of 57105328?
2, 7, 83, 6143
List the prime factors of 585699923.
585699923
List the prime factors of 2383095373.
59, 2393, 16879
What are the prime factors of 229065803?
17, 113, 119243
What are the prime factors of 233956732?
2, 58489183
What are the prime factors of 10596265?
5, 31, 137, 499
List the prime factors of 9062742309.
3, 131, 23060413
List the prime factors of 627880346.
2, 17, 19, 971951
List the prime factors of 1223330773.
7, 31, 5637469
List the prime factors of 4306811.
4306811
List the prime factors of 116914289.
157, 744677
List the prime factors of 629400158.
2, 179, 1758101
What are the prime factors of 901816186?
2, 14389, 31337
List the prime factors of 301665931.
7, 43095133
What are the prime factors of 45199010?
2, 5, 4519901
What are the prime factors of 19419408?
2, 3, 134857
What are the prime factors of 16513717?
11, 19, 653
What are the prime factors of 255071679?
3, 23, 47, 78653
List the prime factors of 602614205.
5, 313, 385057
What are the prime factors of 3349793467?
61, 107, 199, 2579
What are the prime factors of 145314323?
7, 11, 1887199
List the prime factors of 160993680.
2, 3, 5, 233, 2879
What are the prime factors of 9544048?
2, 596503
What are the prime factors of 4529893409?
29, 131, 1192391
What are the prime factors of 515267166?
2, 3, 53, 1620337
What are the prime factors of 102174301?
17, 53, 151, 751
List the prime factors of 115464691.
19, 1831, 3319
List the prime factors of 600725436.
2, 3, 89, 562477
List the prime factors of 87050433.
3, 53, 547487
What are the prime factors of 1596815672?
2, 199601959
What are the prime factors of 50057613?
3, 641, 8677
List the prime factors of 65662087.
37, 409, 4339
List the prime factors of 23746297.
17, 1396841
What are the prime factors of 17087663?
17087663
What are the prime factors of 1709801?
127, 13463
List the prime factors of 1618744374.
2, 3, 13, 43, 160877
List the prime factors of 5564190809.
131, 42474739
List the prime factors of 43905336.
2, 3, 1829389
List the prime factors of 8129120.
2, 5, 23, 47
What are the prime factors of 80472914?
2, 41, 981377
What are the prime factors of 143278877?
7, 1453, 14087
What are the prime factors of 1885405824?
2, 3, 1636637
List the prime factors of 351925540.
2, 5, 67, 181, 1451
List the prime factors of 97663209.
3, 7, 263, 17683
What are the prime factors of 580825631?
13903, 41777
List the prime factors of 67720728.
2, 3, 107, 26371
List the prime factors of 1029384331.
1029384331
List the prime factors of 2767030703.
2767030703
What are the prime factors of 310413038?
2, 13, 11938963
List the prime factors of 53524460.
2, 5, 11, 223, 1091
What are the prime factors of 10484726?
2, 7, 83, 1289
What are the prime factors of 42687877?
42687877
List the prime factors of 1896496112.
2, 7, 16933001
List the prime factors of 314007382.
2, 13, 37, 61, 5351
What are the prime factors of 1214993419?
1214993419
What are the prime factors of 361207956?
2, 3, 71, 353, 1201
List the prime factors of 24563054.
2, 2953, 4159
What are the prime factors of 5350837132?
2, 1337709283
List the prime factors of 276041803.
276041803
List the prime factors of 234869941.
234869941
List the prime factors of 1060322030.
2, 5, 106032203
What are the prime factors of 55254544?
2, 3453409
List the prime factors of 8724264568.
2, 67, 16276613
What are the prime factors of 1200788588?
2, 43, 6981329
List the prime factors of 22408267.
7, 3201181
What are the prime factors of 77238904?
2, 1831, 5273
What are the prime factors of 42332841?
3, 61, 25703
What are the prime factors of 7679508248?
2, 71, 1531, 8831
What are the prime factors of 61908242?
2, 11, 131, 21481
List the prime factors of 3942026805.
3, 5, 19, 31, 37, 389
List the prime factors of 810247296.
2, 3, 2110019
List the prime factors of 487344704.
2, 7, 11, 98893
What are the prime factors of 1728258944?
2, 29, 465587
What are the prime factors of 1534778888?
2, 191847361
List the prime factors of 90313131.
3, 30104377
What are the prime factors of 1918332809?
1918332809
List the prime factors of 36558815.
5, 43, 97, 1753
List the prime factors of 387362506.
2, 41, 4723933
List the prime factors of 1083566.
2, 11, 49253
What are the prime factors of 48239655?
3, 5, 3215977
What are the prime factors of 48080229?
3, 1831, 8753
List the prime factors of 746144750.
2, 5, 13, 229583
List the prime factors of 181510583.
181510583
List the prime factors of 7830636237.
3, 17, 51180629
What are the prime factors of 261334313?
261334313
What are the prime factors of 68179748?
2, 7, 13, 97, 1931
What are the prime factors of 2031474243?
3, 19, 35639899
List the prime factors of 5501892569.
239, 23020471
What are the prime factors of 227805771?
3, 73, 683, 1523
List the prime factors of 39277785.
3, 5, 839, 3121
List the prime factors of 31005148.
2, 47, 83, 1987
List the prime factors of 25035200.
2, 5, 15647
What are the prime factors of 1363031908?
2, 7, 48679711
What are the prime factors of 97010580?
2, 3, 5, 19, 43, 1979
List the prime factors of 356822193.
3, 7, 13, 101, 12941
What are the prime factors of 64614411?
3, 107, 229, 293
What are the prime factors of 125409346?
2, 62704673
List the prime factors of 1725766966.
2, 7, 11, 1600897
List the prime factors of 82397559.
3, 71, 131, 2953
What are the prime factors of 652199605?
5, 19, 103, 66653
What are the prime factors of 26363585?
5, 73, 72229
What are the prime factors of 3694390472?
2, 811, 569419
What are the prime factors of 369403046?
2, 23, 2753, 2917
List the prime factors of 88570065.
3, 5, 1523, 3877
List the prime factors of 701701537.
17, 2428033
What are the prime factors of 2095020765?
3, 5, 31, 1501807
List the prime factors of 306323613.
3, 139, 3023
List the prime factors of 116595349.
13, 23, 41, 9511
What are the prime factors of 108790896?
2, 3, 2266477
What are the prime factors of 14295398?
2, 13, 487, 1129
List the prime factors of 368815979.
7, 52687997
List the prime factors of 39943507.
521, 76667
What are the prime factors of 216550987?
107, 2023841
List the prime factors of 156297299.
139, 1124441
What are the prime factors of 2557464853?
17, 251, 599359
List the prime factors of 155556667.
7, 19, 29, 31, 1301
List the prime factors of 521677213.
521677213
What are the prime factors of 1106997618?
2, 3, 184499603
What are the prime factors of 21897672?
2, 3, 912403
What are the prime factors of 1559844598?
2, 13, 59994023
What are the prime factors of 287817932?
2, 71954483
What are the prime factors of 28952873?
28952873
What are the prime factors of 57429312?
2, 3, 113, 2647
List the prime factors of 906202968.
2, 3, 11, 809, 4243
What are the prime factors of 237330821?
7, 13, 1217, 2143
What are the prime factors of 3798191362?
2, 7, 31, 8751593
What are the prime factors of 4016401469?
19, 211389551
List the prime factors of 759247998.
2, 3, 126541333
List the prime factors of 1020209913.
3, 1597, 70981
What are the prime factors of 7022547331?
10513, 667987
What are the prime factors of 125413162?
2, 7, 8958083
List the prime factors of 52077582.
2, 3, 31, 93329
List the prime factors of 160217243.
160217243
List the prime factors of 326339639.
29, 11253091
List the prime factors of 959326920.
2, 3, 5, 353, 7549
List the prime factors of 143785467.
3, 7, 157, 14537
What are the prime factors of 440704337?
440704337
What are the prime factors of 185098264?
2, 13, 79, 1733
List the prime factors of 7826161.
7, 1118023
What are the prime factors of 489202715?
5, 37, 2644339
What are the prime factors of 40556412?
2, 3, 13, 19, 4561
What are the prime factors of 70206796?
2, 11, 29, 55021
What are the prime factors of 38843301?
3, 7, 1849681
What are the prime factors of 6564418010?
2, 5, 61, 10761341
List the prime factors of 103642672.
2, 7, 31, 29851
List the prime factors of 65156776.
2, 19, 428663
What are the prime factors of 56919056?
2, 3557441
List the prime factors of 342907040.
2, 5, 7, 306167
List the prime factors of 39746964.
2, 3, 43, 77029
What are the prime factors of 7068844868?
2, 17, 4007, 25943
What are the prime factors of 339873268?
2, 7, 37, 328063
List the prime factors of 582753595.
5, 116550719
